{"id":53,"date":"2025-06-10T21:08:27","date_gmt":"2025-06-10T19:08:27","guid":{"rendered":"https:\/\/billy-and-the-jets.com\/?page_id=53"},"modified":"2026-03-14T17:23:44","modified_gmt":"2026-03-14T16:23:44","slug":"billy-the-jets-2","status":"publish","type":"page","link":"https:\/\/billy-and-the-jets.com\/","title":{"rendered":"Billy &amp; the Jets"},"content":{"rendered":"\n<figure class=\"wp-block-image aligncenter size-full is-resized\"><img loading=\"lazy\" decoding=\"async\" width=\"1600\" height=\"1600\" src=\"https:\/\/billy-and-the-jets.com\/wp-content\/uploads\/2025\/06\/visuel-BtJ-sans-levres.png\" alt=\"\" class=\"wp-image-55\" style=\"width:431px;height:auto\" srcset=\"https:\/\/billy-and-the-jets.com\/wp-content\/uploads\/2025\/06\/visuel-BtJ-sans-levres.png 1600w, https:\/\/billy-and-the-jets.com\/wp-content\/uploads\/2025\/06\/visuel-BtJ-sans-levres-300x300.png 300w, https:\/\/billy-and-the-jets.com\/wp-content\/uploads\/2025\/06\/visuel-BtJ-sans-levres-1024x1024.png 1024w, https:\/\/billy-and-the-jets.com\/wp-content\/uploads\/2025\/06\/visuel-BtJ-sans-levres-150x150.png 150w, https:\/\/billy-and-the-jets.com\/wp-content\/uploads\/2025\/06\/visuel-BtJ-sans-levres-768x768.png 768w, https:\/\/billy-and-the-jets.com\/wp-content\/uploads\/2025\/06\/visuel-BtJ-sans-levres-1536x1536.png 1536w\" sizes=\"auto, (max-width: 1600px) 100vw, 1600px\" \/><\/figure>\n\n\n\n<p>Bienvenue chez&nbsp;<strong>Billy &amp; the Jets&nbsp;!<\/strong><\/p>\n\n\n\n<p>Groupe de rock pop&nbsp;&nbsp;\u00ab&nbsp;roots&nbsp;\u00bb, notre r\u00e9pertoire est enti\u00e8rement compos\u00e9 de chansons&nbsp;<em>originales&nbsp;<\/em>sur des musiques de&nbsp;<strong>Pascal Simoni<\/strong>&nbsp;(alias Billy) et des paroles de&nbsp;<strong>Michael Katims<\/strong>.<\/p>\n\n\n\n<p>Dans nos enregistrements pas de trucages, pas d&rsquo;artifices. Nous recherchons un son authentique tant pour les voix que pour les instruments car nous sommes persuad\u00e9s que l\u2019\u00e9motion passe d\u2019abord par l\u2019humain.&nbsp;<\/p>\n\n\n\n<p><strong>Le Groupe :<\/strong><\/p>\n\n\n\n<p><strong>Pascal Simoni<\/strong>&nbsp;(Les Rita Mitsouko\/Au bonheur des dames\/Jacno\/Val\u00e9rie Lagrange, etc.)&nbsp;: chant, claviers<br><strong>Amaury Blanchard<\/strong>&nbsp;(Renaud\/De Palmas\/Higelin, etc.) : batterie<br><strong>Sylvain Laforge<\/strong>&nbsp;(Rita Mitsouko\/Catherine Ringer, etc.) : guitare<br><strong>Mathieu Geoffroy<\/strong>&nbsp;<strong>Dechaume<\/strong>&nbsp;(Matt the fax) : basse, ch\u0153urs<\/p>\n\n\n\n<p><strong>Musiciens additionnels<\/strong>&nbsp;au gr\u00e9 des arrangements : ch\u0153urs, cuivres, violons.&nbsp;<\/p>\n\n\n\n<p><strong>Les Textes&nbsp;:<\/strong><\/p>\n\n\n\n<p><strong>Michael Katims<\/strong>, parolier, sc\u00e9nariste, traducteur new-yorkais (Dany Boon, G\u00e9raldine Nakache, Elie Chouraqui, Roman Polanski\u2026 )<\/p>\n\n\n\n<p><br>Avec 6 clips film\u00e9s et r\u00e9alis\u00e9s par <strong>William Le Caron<\/strong>, le groupe se produit pour la 1ere fois en live en mars 2025 \u00e0 la salle des 2 Pianos \u00e0 Paris. <\/p>\n\n\n\n<p>Depuis ce 1er concert, 2 autres concerts complets, un 7\u00e8me clip, une collaboration avec les \u00e9l\u00e8ves du conservatoire de Clichy qui a donn\u00e9 lieu \u00e0 un concert unique  en janvier 2026,  un crownfunding pour la fabrication d&rsquo;un vinyl,  (Un grand merci \u00e0 toutes celles et ceux qui ont soutenu le groupe pour r\u00e9aliser ce projet).<\/p>\n\n\n\n<p>A venir d&rsquo;autres concerts, une sortie pr\u00e9vue de l&rsquo;album sur les plateformes \u00e0 l&rsquo;automne 2026 et la sortie du 1er single en avril 2026 et aussi des nouvelles chansons \ud83d\ude42<\/p>\n\n\n\n<p>A suivre &#8230;<\/p>\n\n\n\n<h1 class=\"wp-block-heading has-text-align-center has-heat-gradient-background has-background\">L&rsquo;actualit\u00e9 du groupe <\/h1>\n\n\n\n<h1 class=\"wp-block-heading\">Sortie du 1er single de l&rsquo;album sur les plateformes de streaming avril 2026<\/h1>\n\n\n\n<h1 class=\"wp-block-heading\">Prochain concert sur Paris : le 18 juin 2026 &#8211; save the date<\/h1>\n\n\n\n<p><\/p>\n\n\n\n<h2 class=\"wp-block-heading\">1er album :<\/h2>\n\n\n\n<figure class=\"wp-block-image size-full is-resized\"><img loading=\"lazy\" decoding=\"async\" width=\"2560\" height=\"2536\" src=\"http:\/\/billy-and-the-jets.com\/wp-content\/uploads\/2025\/12\/Visuel-BillyAndTheJets--scaled.jpg\" alt=\"\" class=\"wp-image-304\" style=\"width:670px;height:auto\" srcset=\"https:\/\/billy-and-the-jets.com\/wp-content\/uploads\/2025\/12\/Visuel-BillyAndTheJets--scaled.jpg 2560w, https:\/\/billy-and-the-jets.com\/wp-content\/uploads\/2025\/12\/Visuel-BillyAndTheJets--300x297.jpg 300w, https:\/\/billy-and-the-jets.com\/wp-content\/uploads\/2025\/12\/Visuel-BillyAndTheJets--1024x1014.jpg 1024w, https:\/\/billy-and-the-jets.com\/wp-content\/uploads\/2025\/12\/Visuel-BillyAndTheJets--150x150.jpg 150w, https:\/\/billy-and-the-jets.com\/wp-content\/uploads\/2025\/12\/Visuel-BillyAndTheJets--768x761.jpg 768w, https:\/\/billy-and-the-jets.com\/wp-content\/uploads\/2025\/12\/Visuel-BillyAndTheJets--1536x1522.jpg 1536w, https:\/\/billy-and-the-jets.com\/wp-content\/uploads\/2025\/12\/Visuel-BillyAndTheJets--2048x2029.jpg 2048w\" sizes=\"auto, (max-width: 2560px) 100vw, 2560px\" \/><\/figure>\n\n\n\n<p><\/p>\n\n\n\n<p>Quelques extraits de ce concert dans le teaser \u00ab&nbsp;Billy &amp; the Jets live le 2 mars aux 2 pianos&nbsp;\u00bb<\/p>\n\n\n\n<h2 class=\"wp-block-heading\">extraits de concert :<\/h2>\n\n\n\n<figure class=\"wp-block-embed is-type-video is-provider-youtube wp-block-embed-youtube wp-embed-aspect-16-9 wp-has-aspect-ratio\"><div class=\"wp-block-embed__wrapper\">\n<iframe loading=\"lazy\" title=\"\ud83c\udfac BILLY &amp; THE JETS | Concert du 2 mars 2025 - Extraits exclusifs\" width=\"800\" height=\"450\" src=\"https:\/\/www.youtube.com\/embed\/q8BjCqSBNU8?feature=oembed\" frameborder=\"0\" allow=\"accelerometer; autoplay; clipboard-write; encrypted-media; gyroscope; picture-in-picture; web-share\" referrerpolicy=\"strict-origin-when-cross-origin\" allowfullscreen><\/iframe>\n<\/div><\/figure>\n\n\n\n<p><\/p>\n\n\n\n<p class=\"has-medium-font-size\"><strong>Retrouvez tous les clips de Billy &amp; the Jets sur youtube @BillyAndTheJets <\/strong><a href=\"https:\/\/www.youtube.com\/channel\/UCss0btG_M8szjp5RAITwl1A\">https:\/\/www.youtube.com\/channel\/UCss0btG_M8szjp5RAITwl1A<\/a><\/p>\n\n\n\n<p class=\"has-medium-font-size\"><strong>ou scanner le QRcode<\/strong><\/p>\n\n\n\n<figure class=\"wp-block-image size-full\"><img loading=\"lazy\" decoding=\"async\" width=\"450\" height=\"450\" src=\"https:\/\/billy-and-the-jets.com\/wp-content\/uploads\/2025\/06\/BATJ_YouTube_01.jpg\" alt=\"\" class=\"wp-image-58\" srcset=\"https:\/\/billy-and-the-jets.com\/wp-content\/uploads\/2025\/06\/BATJ_YouTube_01.jpg 450w, https:\/\/billy-and-the-jets.com\/wp-content\/uploads\/2025\/06\/BATJ_YouTube_01-300x300.jpg 300w, https:\/\/billy-and-the-jets.com\/wp-content\/uploads\/2025\/06\/BATJ_YouTube_01-150x150.jpg 150w\" sizes=\"auto, (max-width: 450px) 100vw, 450px\" \/><\/figure>\n\n\n\n<p class=\"has-medium-font-size\">Retrouvez Billy &amp; the Jets sur <\/p>\n\n\n\n<p> <a href=\"https:\/\/www.facebook.com\/profile.php?id=61576692913165\">https:\/\/www.facebook.com\/profile.php?id=61576692913165<\/a><\/p>\n\n\n\n<p><a href=\"https:\/\/www.instagram.com\/billyandthejetss\/?hl=fr\">https:\/\/www.instagram.com\/billyandthejetss\/?hl=fr<\/a><\/p>\n\n\n\n<p>Pour nous contacter merci de compl\u00e9ter le formulaire <\/p>\n\n\n\n<h2 class=\"wp-block-heading\">Contact :<\/h2>\n\n\n<div class=\"wpforms-container wpforms-container-full wpforms-render-modern\" id=\"wpforms-11\"><form id=\"wpforms-form-11\" class=\"wpforms-validate wpforms-form wpforms-ajax-form\" data-formid=\"11\" method=\"post\" enctype=\"multipart\/form-data\" action=\"\/index.php\/wp-json\/wp\/v2\/pages\/53\" data-token=\"2c9c07c424c4b4d3608a9b091981a3dc\" data-token-time=\"1777710887\"><noscript class=\"wpforms-error-noscript\">Veuillez activer JavaScript dans votre navigateur pour remplir ce formulaire.<\/noscript><div class=\"wpforms-hidden\" id=\"wpforms-error-noscript\">Veuillez activer JavaScript dans votre navigateur pour remplir ce formulaire.<\/div><div class=\"wpforms-field-container\"><div id=\"wpforms-11-field_1-container\" class=\"wpforms-field wpforms-field-name\" data-field-id=\"1\"><fieldset><legend class=\"wpforms-field-label\">Nom <span class=\"wpforms-required-label\" aria-hidden=\"true\">*<\/span><\/legend><div class=\"wpforms-field-row wpforms-field-medium\"><div class=\"wpforms-field-row-block wpforms-first wpforms-one-half\"><input type=\"text\" id=\"wpforms-11-field_1\" class=\"wpforms-field-name-first wpforms-field-required\" name=\"wpforms[fields][1][first]\" aria-errormessage=\"wpforms-11-field_1-error\" required><label for=\"wpforms-11-field_1\" class=\"wpforms-field-sublabel after\">Pr\u00e9nom<\/label><\/div><div class=\"wpforms-field-row-block wpforms-one-half\"><input type=\"text\" id=\"wpforms-11-field_1-last\" class=\"wpforms-field-name-last wpforms-field-required\" name=\"wpforms[fields][1][last]\" aria-errormessage=\"wpforms-11-field_1-last-error\" required><label for=\"wpforms-11-field_1-last\" class=\"wpforms-field-sublabel after\">Nom<\/label><\/div><\/div><\/fieldset><\/div><div id=\"wpforms-11-field_2-container\" class=\"wpforms-field wpforms-field-email\" data-field-id=\"2\"><label class=\"wpforms-field-label\" for=\"wpforms-11-field_2\">E-mail <span class=\"wpforms-required-label\" aria-hidden=\"true\">*<\/span><\/label><input type=\"email\" id=\"wpforms-11-field_2\" class=\"wpforms-field-medium wpforms-field-required\" name=\"wpforms[fields][2]\" spellcheck=\"false\" aria-errormessage=\"wpforms-11-field_2-error\" required><\/div>\t\t<div id=\"wpforms-11-field_5-container\"\n\t\t\tclass=\"wpforms-field wpforms-field-text\"\n\t\t\tdata-field-type=\"text\"\n\t\t\tdata-field-id=\"5\"\n\t\t\t>\n\t\t\t<label class=\"wpforms-field-label\" for=\"wpforms-11-field_5\" >Jets de Recevoir<\/label>\n\t\t\t<input type=\"text\" id=\"wpforms-11-field_5\" class=\"wpforms-field-medium\" name=\"wpforms[fields][5]\" >\n\t\t<\/div>\n\t\t<div id=\"wpforms-11-field_3-container\" class=\"wpforms-field wpforms-field-textarea\" data-field-id=\"3\"><label class=\"wpforms-field-label\" for=\"wpforms-11-field_3\">Commentaire ou message<\/label><textarea id=\"wpforms-11-field_3\" class=\"wpforms-field-medium\" name=\"wpforms[fields][3]\" aria-errormessage=\"wpforms-11-field_3-error\" ><\/textarea><\/div><div id=\"wpforms-11-field_4-container\" class=\"wpforms-field wpforms-field-checkbox\" data-field-id=\"4\"><fieldset><legend class=\"wpforms-field-label\">Recevoir les infos de Billy &amp; the Jets<\/legend><ul id=\"wpforms-11-field_4\"><li class=\"choice-1 depth-1\"><input type=\"checkbox\" id=\"wpforms-11-field_4_1\" name=\"wpforms[fields][4][]\" value=\"Je veux recevoir les infos !\" aria-errormessage=\"wpforms-11-field_4_1-error\" aria-describedby=\"wpforms-11-field_4-description\"  ><label class=\"wpforms-field-label-inline\" for=\"wpforms-11-field_4_1\">Je veux recevoir les infos !<\/label><\/li><\/ul><div id=\"wpforms-11-field_4-description\" class=\"wpforms-field-description\">Les informations recueillies via ce formulaire sont enregistr\u00e9es par Billy and the Jets pour l\u2019envoi d\u2019informations sur l\u2019activit\u00e9 du groupe et la production. La base l\u00e9gale du traitement est votre consentement. Les destinataires sont uniquement Billy and the Jets, la production et ses prestataires techniques. Les donn\u00e9es sont conserv\u00e9es jusqu\u2019au retrait du consentement.\nVous pouvez acc\u00e9der \u00e0 vos donn\u00e9es, les rectifier, demander leur effacement ou exercer votre droit \u00e0 la limitation du traitement de vos donn\u00e9es. \nVous pouvez retirer votre consentement \u00e0 tout moment via le lien de d\u00e9sabonnement ou en nous contactant \u00e0 via ce formulaire.<\/div><\/fieldset><\/div><script>\n\t\t\t\t( function() {\n\t\t\t\t\tconst style = document.createElement( 'style' );\n\t\t\t\t\tstyle.appendChild( document.createTextNode( '#wpforms-11-field_5-container { position: absolute !important; overflow: hidden !important; display: inline !important; height: 1px !important; width: 1px !important; z-index: -1000 !important; padding: 0 !important; } #wpforms-11-field_5-container input { visibility: hidden; } #wpforms-conversational-form-page #wpforms-11-field_5-container label { counter-increment: none; }' ) );\n\t\t\t\t\tdocument.head.appendChild( style );\n\t\t\t\t\tdocument.currentScript?.remove();\n\t\t\t\t} )();\n\t\t\t<\/script><\/div><!-- .wpforms-field-container --><div class=\"wpforms-submit-container\" ><input type=\"hidden\" name=\"wpforms[id]\" value=\"11\"><input type=\"hidden\" name=\"page_title\" value=\"\"><input type=\"hidden\" name=\"page_url\" value=\"https:\/\/billy-and-the-jets.com\/index.php\/wp-json\/wp\/v2\/pages\/53\"><input type=\"hidden\" name=\"url_referer\" value=\"\"><button type=\"submit\" name=\"wpforms[submit]\" id=\"wpforms-submit-11\" class=\"wpforms-submit\" data-alt-text=\"Envoi...\" data-submit-text=\"Envoyer\" aria-live=\"assertive\" value=\"wpforms-submit\">Envoyer<\/button><img loading=\"lazy\" decoding=\"async\" src=\"https:\/\/billy-and-the-jets.com\/wp-content\/plugins\/wpforms-lite\/assets\/images\/submit-spin.svg\" class=\"wpforms-submit-spinner\" style=\"display: none;\" width=\"26\" height=\"26\" alt=\"Chargement en cours\"><\/div><\/form><\/div>  <!-- .wpforms-container -->\n\n\n\n<p><\/p>\n","protected":false},"excerpt":{"rendered":"<p>Bienvenue chez&nbsp;Billy &amp; the Jets&nbsp;! Groupe de rock pop&nbsp;&nbsp;\u00ab&nbsp;roots&nbsp;\u00bb, notre r\u00e9pertoire est enti\u00e8rement compos\u00e9 de chansons&nbsp;originales&nbsp;sur des musiques de&nbsp;Pascal Simoni&nbsp;(alias Billy) et des paroles de&nbsp;Michael Katims. Dans nos enregistrements pas de trucages, pas d&rsquo;artifices. Nous recherchons un son authentique tant pour les voix que pour les instruments car nous sommes persuad\u00e9s que l\u2019\u00e9motion passe d\u2019abord [&hellip;]<\/p>\n","protected":false},"author":1,"featured_media":0,"parent":0,"menu_order":0,"comment_status":"closed","ping_status":"closed","template":"","meta":{"footnotes":""},"class_list":["post-53","page","type-page","status-publish","hentry"],"_links":{"self":[{"href":"https:\/\/billy-and-the-jets.com\/index.php\/wp-json\/wp\/v2\/pages\/53","targetHints":{"allow":["GET"]}}],"collection":[{"href":"https:\/\/billy-and-the-jets.com\/index.php\/wp-json\/wp\/v2\/pages"}],"about":[{"href":"https:\/\/billy-and-the-jets.com\/index.php\/wp-json\/wp\/v2\/types\/page"}],"author":[{"embeddable":true,"href":"https:\/\/billy-and-the-jets.com\/index.php\/wp-json\/wp\/v2\/users\/1"}],"replies":[{"embeddable":true,"href":"https:\/\/billy-and-the-jets.com\/index.php\/wp-json\/wp\/v2\/comments?post=53"}],"version-history":[{"count":16,"href":"https:\/\/billy-and-the-jets.com\/index.php\/wp-json\/wp\/v2\/pages\/53\/revisions"}],"predecessor-version":[{"id":314,"href":"https:\/\/billy-and-the-jets.com\/index.php\/wp-json\/wp\/v2\/pages\/53\/revisions\/314"}],"wp:attachment":[{"href":"https:\/\/billy-and-the-jets.com\/index.php\/wp-json\/wp\/v2\/media?parent=53"}],"curies":[{"name":"wp","href":"https:\/\/api.w.org\/{rel}","templated":true}]}}